 - 27*b + 8. Let g be v(-27). Let t(z) = -z**2 + 9*z. Let h be t(g). What is q(h)?
-4
Suppose -91*y = -75*y - 64. Let k(t) be the second derivative of 0 + 1/2*t**2 - 11*t + 1/3*t**y + 0*t**3. What is k(-1)?
5
Let v(h) be the second derivative of h**3/6 + 14*h**2 - 4*h - 14. Give v(-16).
12
Let f(j) be the first derivative of -j**2/2 - 7*j - 1. Suppose 13 = -2*u - o, 7*o - 5*o - 9 = u. What is f(u)?
0
Let h be 1 - 27*2/(-3). Suppose 4*t - h = 4*m + 5, -8 = 4*m. Let z(q) = 3*q**2 + 51*q - 56*q - t*q**2. Calculate z(-4).
4
Let l = 256 + -254. Let i(t) = -5*t + 2. Determine i(l).
-8
Let j(p) = p + 14. Let h(w) = 2*w + 27. Let u(i) = i**3 - 5*i**2 + 7*i - 8. Let n be u(3). Let k(f) = n*j(f) + 3*h(f). Determine k(-9).
2
Let h(c) = c**3 + 8*c**2 + 7*c + 7. Let z be ((-28)/(-6))/((-36)/54). Determine h(z).
7
Let x = 243 + -243. Let b(o) = -o - 20. Give b(x).
-20
Let f(u) = 2*u - 4*u + 526 + 2*u**2 - 523 + u**3. Calculate f(2).
15
Suppose 21*k + 33*k + 270 = 0. Let j(p) = 6*p + 3. What is j(k)?
-27
Let o(u) be the first derivative of 0*u**2 + 0*u - 7 - 1/15*u**5 + 2/3*u**3 + 1/8*u**4 + 1/360*u**6. Let m(q) be the third derivative of o(q). Determine m(5).
-12
Let f be (-7 + 6)*(8 - 8). Let w(k) = k**3 + 9. Determine w(f).
9
Let n(t) = 5*t + 13. Let b be n(-4). Let u(c) = -c**2 - 5*c + 10. Calculate u(b).
-4
Suppose -5*q - 3*f + 2 = -7, 4*f = -q - 5. Let z(l) = -4735 + 4*l**2 + 4741 - q*l**2 + 8*l. What is z(-5)?
-9
Let d(h) = 2*h + 2. Let a be (1/(-4))/((-16)/128). Suppose -c - a*b = 9, -c + 3*b + 0 = -6. Calculate d(c).
-4
Let r(v) be the second derivative of -v**5/20 - 7*v**4/12 + 10*v**3/3 + 10*v**2 + 182*v. Calculate r(-9).
2
Let l = 280 + -276. Let r(w) = w**2 + 5*w - 6. What is r(l)?
30
Let d(i) = -2*i**3 - 2*i**2 - 3*i - 5. Suppose 4*a + 4 = 5*a. Let b = 4 + -7. Let o(f) = -3*f**3 - 3*f**2 - 4*f - 6. Let u(l) = a*d(l) + b*o(l). Determine u(0).
-2
Let n(u) = u**2 + 9*u. Suppose 4*a = 3*a - 5. Calculate n(a).
-20
Let z(l) = 2*l**2 - 3*l + 16. Let x(w) = -5*w**2 + 8*w - 48. Let y(i) = -3*x(i) - 8*z(i). Let u be y(0). Let t = u + -12. Let h(p) = -2*p - 2. Determine h(t).
-10
Let g(a) = a**2 + 3*a + 2. Let v be g(-5). Suppose 44 - v = 5*d - 4*l, 4*d - 10 = -2*l. Let j(z) = z**3 + 48*z**2 + 3*z - 130*z**2 - 1 + 78*z**2. Give j(d).
11
Let u = 96 + -81. Let s(r) = -7 - 12 - r + u. Give s(-10).
6
Suppose -2*s + 3*s - 4*h - 16 = 0, 0 = -3*h - 15. Let b be 24/16 - 2/s. Let w(u) = 4*u + 0*u - u**2 - 2*u - u**b. Calculate w(-2).
-12
Let a(h) = -h - 5. Let c be a(-6). Let f be 4/(-18) + 1120/180. Let k(q) = -q**2 + 20*q + 17. Let x(j) = -7*j - 6. Let l(v) = f*k(v) + 17*x(v). Give l(c).
-5
Suppose p - 2*z + 34 = -3*p, -2*p = -5*z + 37. Let y(x) = -2*x**2 - 11*x + 6. Give y(p).
0
Let l(x) = -x**2 - 4*x + 3. Let i(w) = w**2 + 2*w - 2. Let d(v) = 3*i(v) + 2*l(v). Determine d(2).
0
Let g(f) = 36*f - 15. Let k(c) = -5*c + 2. Let m(a) = 4*g(a) + 30*k(a). Suppose -2*u - 10 = 3*s, 0*u - 2 = 5*s - 4*u. What is m(s)?
12
Let v(f) = 2*f + 3. Suppose n = -w - 7, -17*n + 5*w + 31 = -20*n. Give v(n).
-1
Suppose 10*z = 5*z. Let j(s) = s - 5. Give j(z).
-5
Let j = -86 + 87. Let g(t) be the second derivative of t**4 - t**3/3 + t**2/2 - 8*t. What is g(j)?
11
Let b(l) = 5*l. Let o be b(1). Suppose -16 = -j - o*t + 3, -5*j - t + 47 = 0. Let a(z) = -j + 0 + z - z**2 + 5*z. Give a(6).
-9
Let y(l) = -l. Let a be 3 - (26 - 0) - -4. Let t = a + 14. Give y(t).
5
Suppose 5*y + 0*m + 3*m + 77 = 0, -m - 30 = 2*y. Let a(q) = -q + 5. Calculate a(y).
18
Let n be 4/14 - (-1800)/(-175). Let f(h) = -h**2. Let m be f(-4). Let r = n - m. Let y(q) = -2*q + 5. Give y(r).
-7
Let x(w) be the second derivative of -w**5/20 - w**4 - 5*w**3/3 + 9*w**2/2 + 14*w - 2. Determine x(-11).
-2
Let u(s) = -13*s**2 + 39*s**2 - s**3 - 5*s + 7 - 23*s**2 - 12*s**2. Give u(-7).
-56
Let p(d) = 7*d**2 + 9*d + 1. Let a(z) = -11*z**2 - 5*z. Let q(l) = 6*l**2 + 2*l. Let x(c) = -3*a(c) - 5*q(c). Let f(i) = -2*p(i) + 5*x(i). What is f(-5)?
-12
Suppose -96 = 2*r - 6*r. Let d be 4/(-7)*(-84)/r. Let x be ((-5)/d)/(3/(-6)). Let k(m) = m**3 - 4*m**2 - 6*m + 4. Determine k(x).
-1
Let u(q) = -7*q - 2. Let m(f) = -11*f - 3. Let p(o) = 5*m(o) - 8*u(o). Let h be p(2). Let a(j) = 6*j**2 + 3 - 7*j**2 + j + h*j. Calculate a(5).
-2
Let h(d) = d**2 + 7*d + 5. Let s(i) = i**2 - 6*i - 6. Let m be s(6). Let n be h(m). Let b be ((-5)/(-3))/(n/(-3)). Let v(o) = -o - 1. What is v(b)?
-6
Let v = -3 + -3. Let r(n) = -n**2 - 3*n + 7. What is r(v)?
-11
Let t be (-1)/((-5)/2)*5. Let z(s) = -2 + 7 - 2 - 2*s**t - 2*s - s**3. Calculate z(-3).
18
Suppose 5*b + t - 16 = 24, 3*b = 5*t + 24. Let u(z) = -z**2 + 8*z + 5. Determine u(b).
5
Let g be 15*(-2)/(-18) - 1/(-3). Let w(v) = -4*v - 2*v + 2 + 2*v. Calculate w(g).
-6
Let n(c) be the first derivative of -c**3/6 - 8*c**2 - 15*c + 4. Let r(p) be the first derivative of n(p). What is r(0)?
-16
Suppose 0 = 5*g - 3*g - 74. Let f = 39 - g. Let j(p) = -4*p**3 - 3*p**2 + 2*p + 5. Let z(r) = 5*r**3 + 4*r**2 - 3*r - 6. Let c(w) = -6*j(w) - 5*z(w). Give c(f).
-10
Let b(d) = d**2 + 6*d + 10. Suppose 0 = -4*q + 4*w + 4 - 8, -w - 3 = 0. Calculate b(q).
2
Let d(i) = i**2 + 6*i - 18. Suppose 2*j = -j - 3*f - 30, 0 = 3*j + 2*f + 28. Calculate d(j).
-2
Let u(g) be the third derivative of g**4/24 + 2*g**3 - g**2 - 26*g. Let j(z) = -9*z**2 + z + 1. Let f be j(-1). What is u(f)?
3
Let f(t) = 14*t**3 + 17*t**2 - 34*t + 47. Let c(y) = 5*y**3 + 6*y**2 - 12*y + 16. Let u(j) = 17*c(j) - 6*f(j). What is u(0)?
-10
Let m(h) = -h**3 - 10*h**2 - 4*h + 4. Suppose 2*j + 507 = 489. What is m(j)?
-41
Let z(t) = t**3 + 14*t**2 - 35*t - 49. Let r be z(-16). Let d(b) = b**3 + 2*b**2 + 2*b + 1. Give d(r).
0
Let x(u) = -u**3 + 4*u**2 + 2*u + 3. Let a(l) = -4*l**3 - 3*l - 2. Let n = -21 + 20. Let q be a(n). Give x(q).
-12
Let p be 0/(-1) + (-5 - -6). Let q be p + 0 + 0 + 5. Let b be 21/q*12/21. Let g(j) = j**3 + 3*j - 3. Determine g(b).
11
Let d be -1 - -10 - 24/6. Suppose 3*f = -4*x - 19, -d*f - 28 = 3*x - 0*f. Let i(o) = 3*o. Give i(x).
-3
Let d(c) = -c**3 + 8*c**2 - 9*c + 2. Suppose 7*k = -k + 56. Determine d(k).
-12
Let v(w) be the first derivative of -w**4/4 - 2*w**3 + w**2/2 - 4*w - 72. Give v(-6).
-10
Let q(l) = -3*l**3 + 10 - 2*l + 4*l**2 - 6 + 2*l**3. Let c(k) = -3*k - 1. Let w(g) = 7*g + 1. Let o(y) = 5*c(y) + 2*w(y). Let s be o(-7). Calculate q(s).
-4
Let i(w) = -2*w + w + 751 - 753. Calculate i(8).
-10
Let p(t) be the third derivative of 1/4*t**4 + 0*t**3 - 1/60*t**5 + 0 + 0*t + t**2. Let a(h) = -h**2 + 4*h + 5. Let j be a(4). Calculate p(j).
5
Let t(v) = v + 1. Let y be t(4). Suppose 0 = -2*k - 4*m - 4, -2*k + 3*m = -3*k - y. Suppose k*o + 1 = 5. Let r(d) = d. Give r(o).
1
Let z(n) = -14*n**3 - 21*n**2 + 35*n - 38. Let s(j) = 5*j**3 + 8*j**2 - 12*j + 13. Let m(x) = 11*s(x) + 4*z(x). Give m(5).
6
Let l = 73 - 70. Suppose 8 = -l*n - 4*k, n - 6 = -k + 4*k. Let f(z) = -z**3 + z**2 + z - 13. Determine f(n).
-13
Let v(n) = -n**3 - 3*n**2 - 2*n + 1. Let d be v(-2). Let y(z) = 19*z**2 - z + 1. Calculate y(d).
19
Suppose 283*r + 12 = 287*r. Let a(c) be the third derivative of -1/24*c**4 + 0 + 0*c + 2*c**2 - c**r. Determine a(-5).
-1
Let w(u) = -2*u - 1. Suppose 2 = -g - 3*m - 11, g + m = -3. Suppose 3*z - 5*z = g. Determine w(z).
1
Let k(z) = 6*z - 5. Let i(a) = -7*a + 4. Let t(b) = -4*i(b) - 5*k(b). Let w be t(3). Let v(p) = 0 - 4*p**3 - 5*p**2 + w*p**3 + p - 5 + 8. Calculate v(-5).
-2
Let s(y) be the second derivative of -y**4/24 - y**3/3 - 4*y**2 + 2*y. Let r(c) be the first derivative of s(c). Give r(-6).
4
Let k = 110 + -106. Let h(d) be the third derivative of -d**5/60 - 3*d**4/8 + 5*d**3/3 - 4*d**2. Let s(u) = u - 1. Let j(w) = k*s(w) + h(w). Give j(-6).
0
Let d(h) be the third derivative of h**4/8 + h**3/2 + 2*h**2 + 2*h. What is d(-4)?
-9
Suppose 0*w - 3 = w, -31 = 4*g + 5*w. Let q(a) = -a**3 - 7*a**2 + 12*a - 2. Let l(m) = -m**3 - 7*m**2 + 13*m - 1. Let n(p) = g*l(p) + 5*q(p). Calculate n(-8).
-6
Let s(q) be the first derivative of 3*q**2 + 7*q + 9*q**2 - 10*q**2 - 2 - 11. Calculate s(-6).
-17
Let u = 146 + -141. Let o(c) be the first derivative of c**4/4 - 2*c**3 + 4*c**2 - 7*c + 1. What is o(u)?
8
Let u(f) be the first derivative of -f**5/60 + f**4/4 - 7*f**3/6 + 13*f**2/2 + 7. Let o(m) be the second derivative of u(m). Calcul